et o(c) = t*k(c) + 3*z(c). What is o(0)?
11
Let b = 0 + -2. Let w(a) = a**3 + 4*a**2 + 2*a - 1. Let y be w(b). Let q(v) = 3*v - v + 4 - 1509*v**2 + 1508*v**2. Give q(y).
1
Let r(c) be the second derivative of -1/2*c**3 + 0*c**2 + 0 - 2*c. Calculate r(3).
-9
Let t(v) be the second derivative of 0*v**3 - 2*v**2 + 1/12*v**4 + 0 + 4*v. Determine t(0).
-4
Suppose -2*h + 4*h - 6 = 0. Let s(q) be the third derivative of -q**4/24 + q**3/6 - q**2. Determine s(h).
-2
Let o be (2/(-4))/(3/24). Let n = o + -1. Let k = 8 + n. Let c(z) = z**2 - 4*z + 1. What is c(k)?
-2
Let o(b) = -5*b - 1. Let k(r) = -r**2 - r - 1. Let j(p) = -4*p**2 + 2*p - 1. Let x(f) = j(f) - 3*k(f). Let z be x(4). Let d = -7 + z. Calculate o(d).
4
Let y(n) = 5*n - 7. Let c(l) = -3*l + 5. Let w(m) = 8*c(m) + 5*y(m). Determine w(6).
11
Let r(l) = -2*l - 8. Suppose 15 = -2*o - j, -j - 4*j = -o + 9. Calculate r(o).
4
Let y(q) = q**3 + 2*q**2 - 5*q - 7. Let b be y(-3). Let a(w) = 3*w**3 + 2*w**2 - 1. What is a(b)?
-2
Let z(f) be the first derivative of -f**3 + 1/360*f**6 + 1/30*f**5 + 3 - 1/24*f**4 + 0*f + 0*f**2. Let n(t) be the third derivative of z(t). Determine n(-2).
-5
Let z(g) = -4*g - 1. Suppose 1 + 1 = -2*u. Determine z(u).
3
Let y(w) = 2*w**2 + 0 + 1 - w**2. Let t(x) = -x**3 + x**2 + 5*x - 2. Let b(q) = t(q) + 2*y(q). Give b(4).
4
Let f(h) be the first derivative of -3*h**4/4 + 4. Suppose -t + 0*t = -1. Calculate f(t).
-3
Let i(k) be the third derivative of 5*k**4/24 - k**3/6 + 2*k**2. Let g(z) = z + 13. Let f be g(-12). What is i(f)?
4
Let c(j) = 2*j + 1. Let u = -20 - -19. Let f(s) = s**2 - 6. Let i(l) = 3*l**2 - 17. Let o(x) = -17*f(x) + 6*i(x). Let v be o(u). What is c(v)?
3
Let t(a) = -a**3 + 7*a**2 + 9*a + 1. Let b be t(8). Let v = b - 14. Let g(x) = -x + 4. What is g(v)?
9
Let l be -1 - 5/(15/(-9)). Let i(p) = -p**2 + p + 3 - l - 2. What is i(2)?
-3
Let h(k) = -k**3 + k + 4. Suppose 4*g + 13 = 1. Let m = g - -5. Suppose -m*a = 2*j - 4, -3*j = -a + 1 + 1. What is h(j)?
4
Let j(f) be the first derivative of 1 + 0*f + 1/2*f**2. Suppose -6 = 5*a + 9. Determine j(a).
-3
Let j(s) be the third derivative of s**6/120 - s**5/12 - s**4/24 - s**3/3 - 5*s**2. Give j(5).
-7
Let n be 16/2 - 4/(8 + -4). Let j(q) be the third derivative of -q**6/120 + q**5/10 + q**4/3 - 5*q**3/3 + q**2. What is j(n)?
-3
Let g(s) = 5*s**2 + 6*s - 4*s**2 - 4*s**2 + 6 + 4*s**2. Suppose 2 = 2*w - 0. Let u(r) = -5*r**3 - r**2 + 2*r - 1. Let b be u(w). Determine g(b).
1
Suppose 5*l = -5 - 0. Let f = -25 + 28. Let d(i) = i**2 + 4*i**3 - 1 + 0*i**3 - i - 2*i**3 + 4*i**f. Give d(l).
-5
Let s(z) = -2*z - 4 - 2*z + 5 + 16*z. What is s(-1)?
-11
Let g(y) be the second derivative of y**5/20 - 7*y**4/12 + 2*y**3/3 + 5*y**2/2 + 51*y. What is g(6)?
-7
Let l be (-10)/4*(0 - -2). Suppose -3*u = -u - 4. Let j(x) = u*x**2 + 1 - 4*x + x**3 - 3*x**2 + 5*x**2. Calculate j(l).
-4
Let d(k) = 2*k**2 + 5. Let w(n) = 3*n**2 + 9. Let b(u) = 7*d(u) - 4*w(u). Determine b(1).
1
Let b be (3/(-6))/((-4)/24). Let h(k) = 3*k**3 + 4*k**2 + 15*k - 4. Let t(c) = -2*c**3 - 2*c**2 - 8*c + 2. Let s(o) = -3*h(o) - 5*t(o). Calculate s(b).
-4
Let z = 8 + -10. Let o be ((-12)/(-9))/((-2)/(-6)). Let c be (0*2/o)/z. Let b(l) = -l**3 + 7. Determine b(c).
7
Let m be (-2)/7 - (-24)/(-14). Suppose -2*t = -4*t + 4. Let h = m + t. Let j(y) = -y**2 + y + 6. What is j(h)?
6
Let o(a) = -a + 5. Suppose -2*k = -24 - 38. Let h = k - 26. Determine o(h).
0
Suppose -20 = -l + 5*l + 5*f, -5*l - 3*f = 25. Let y(z) be the first derivative of -z**2/2 - 8*z + 3. Determine y(l).
-3
Suppose 7 = 5*i - 3. Let x(l) = -6 + 0 + l + i*l - 2*l. Give x(0).
-6
Let o(y) = -y**3 + 14*y**2 + y - 14. Let u be o(14). Let b(w) = w - 14 + u*w + 0*w. What is b(7)?
-7
Let y(o) = o. Let z = -114 + 115. What is y(z)?
1
Let k(s) = -s**3 + 2*s**2 - s + 3. Let i be k(4). Let w be ((-11)/i)/(1/6). Let q(m) = -m**2 + 3*m - 1. Calculate q(w).
1
Let t be 1/((3/(-7))/(-3)). Suppose 0 = -s - 5*n + 18, -4*n + t*n = -4*s + 4. Let z(i) = -2 - 3*i**2 + 1 - i**3 + 0*i**3. Calculate z(s).
-5
Let s(b) be the second derivative of -b**5/20 + b**4/4 + b**3/3 + 3*b. What is s(3)?
6
Let a(w) = w**2 - 7*w + 4 + 2 - 1 + 2. What is a(6)?
1
Let b(c) = -c**3 - c**2 + 6. Suppose -3*y - 4*l = -2*l, 0 = 4*y - 4*l. Give b(y).
6
Let u(c) = 5*c - 1. Let d(x) = -x**3 - 9*x**2 + 9*x - 6. Let i be d(-10). Suppose -5 = -r - i*n, r = 2*r - n + 10. Let o = -6 - r. Determine u(o).
4
Let y(i) = -2 + 32*i - 30*i + 2 + 1. Let b(s) = -s**3 - 4*s**2 - 3*s - 1. Let m be b(-3). Give y(m).
-1
Let s(n) = -n - 15. Let v = 20 + -15. Suppose -7*f = -v*f. Calculate s(f).
-15
Let j(p) = p**3 + 6*p**2 + p - 1 - 9*p**2 - 2*p**2. Calculate j(5).
4
Let i(v) = -3*v**2 - 2*v - 1. Let r be (-4)/(-16)*4*-1. What is i(r)?
-2
Let k(i) be the first derivative of -i**4/24 - i**3/3 - i**2/2 - 1. Let v(a) be the second derivative of k(a). What is v(5)?
-7
Let a(h) = -3*h - 1 - h + h. Let q = -2 - -4. Let c = -1 + q. Determine a(c).
-4
Let k(h) = -1. Let w(u) = 9*u**2 - 4. Let n(f) = 4*k(f) - w(f). Suppose -62 - 3 = 5*r. Let y(b) = -4*b**2. Let d(o) = r*y(o) + 6*n(o). Calculate d(2).
-8
Let l = 11 + -15. Let w(t) = 3*t**2 - 4*t**2 + 2*t + 1 - t. Let y(f) = f**2 - 1. Let m(s) = 4*w(s) + 5*y(s). Give m(l).
-1
Let m(z) = -2*z**2 + 3*z + 2. Let p(b) = -b - 12. Let v be p(-9). Let i = v + 1. Calculate m(i).
-12
Suppose 0 = 5*p - 20, -2*p + 84 = 4*a + 3*p. Let q(b) = -3*b + a - 16 + 5*b. Let u = -1 - -4. Determine q(u).
6
Let r(u) = -3*u - 4. Let f(o) = -o + 1. Let c(v) = -v - 6. Let s(x) = -c(x) - 3*f(x). Suppose -1 = -3*n + 5. Let d(a) = n*s(a) + 3*r(a). Give d(0).
-6
Let o(s) = s**2 + 6*s - 6. Let c(w) = -4*w**2 - 17*w + 18. Let p(z) = 2*c(z) + 7*o(z). Give p(5).
9
Let d(t) be the third derivative of 0 + 0*t - t**2 + 1/3*t**3 + 1/24*t**4. Calculate d(-4).
-2
Suppose -6*j + 4*j = -72. Suppose -j = 6*f - 12. Let b(z) = -z**3 - 3*z**2 - 5. Calculate b(f).
11
Let z(p) be the third derivative of p**2 + 0 + 5/24*p**4 + 1/3*p**3 + 0*p + 1/60*p**5. Calculate z(-3).
-4
Let n(k) be the third derivative of -k**6/120 + 7*k**5/60 + k**4/3 + 7*k**3/6 + 4*k**2. What is n(8)?
7
Let m(h) = -h + 1. Suppose 0*i = 4*i + 408. Let x be ((-2)/3)/(4/i). Suppose -4*z - x = p, -z - z + p = 1. What is m(z)?
4
Let y be (3 - 4/2)*-1. Let l(r) be the first derivative of -3*r**4/4 - r - 7. Calculate l(y).
2
Suppose 0*h = 4*h - 20. Let x be 4/((-4)/h) + 3. Let u(z) = z - 2. What is u(x)?
-4
Suppose -4*l = 4*x - 9 - 19, 2*x + 22 = 4*l. Suppose -2*r + 4*p + 4 = 0, -2*r - 4*p - l = -3*p. Let y(t) = 3 + 3 - 4 - 3*t. What is y(r)?
8
Let g(h) = -h**2 - h + 2. Let c be g(-2). Let q(k) = -k**2 + k + 1. Let o be q(c). Let j(w) be the first derivative of 7*w**4/4 - w**3/3 + 6. Determine j(o).
6
Let o be (-2 + 3)*(-3 + 3). Let u be o/((-1)/1 + -1). Suppose u*f + 5 = 5*f. Let m(a) = -12*a + 1. Give m(f).
-11
Let j(h) = h**3 - 6*h**2 + 6*h - 2. Let z be j(5). Suppose 6 = 2*t + z*k, 0*k = -3*t + 2*k + 9. Suppose p + 0*p + t = 0. Let c(y) = y - 3. Calculate c(p).
-6
Let u(y) be the first derivative of -y**4/4 - y**3 + y**2 + 4*y + 3. Let l be 2*2/(-4)*3. Calculate u(l).
-2
Let z = 18 - 8. Let l(w) = -2*w - 18*w**2 + z*w**2 + w. Let i(s) = -s - 7. Let v be i(-6). Calculate l(v).
-7
Let n = -6 + 8. Let h(y) = -2 + 0 + 15*y + y**n - 11*y. Determine h(-5).
3
Let z be (-6*(-1)/(-1))/(-1). Let l(q) = q + 4. Let i(t) = t + 5. Let c(u) = z*l(u) - 5*i(u). Give c(-2).
-3
Let s be (-1 - 1)/1 - -22. Let d = 26 - s. Let v(i) = i**3 - 7*i**2 + 4*i + 6. Calculate v(d).
-6
Suppose 0 = -4*l - 4*z - 8, -3*l - 7 = -3*z + 17. Let y(r) = -r**3 - 4*r**2 + 5*r - 3. Give y(l).
-3
Suppose -d = 2*y - 30, 0 = -2*y + y - d + 16. Let a = y + -10. Let l(m) = -m**3 + 4*m**2 - 4. Give l(a).
-4
Let j(d) be the first derivative of -7/2*d**2 + 2 - 4/3*d**3 + 6*d + 1/4*d**4. Calculate j(5).
-4
Suppose -b + x = -0*b - 1, -2*b + 14 = -5*x. Let m(h) = -h - 6. Let j(l) = 5*l + 33. Let c(s) = 2*j(s) + 11*m(s). Give c(b).
3
Let y = -14 - -10. Let q(u) be the second derivative of 1/2*u**3 + 0 + 3*u**2 - u. Calculate q(y).
-6
Let n(d) = d**2 - 4*d + 3. Let r(p) = 2 - 3 + 0 + p**3 + 4 - 3*p**2. Let i be r(3). Calculate n(i).
0
Suppose -45 = 5*p - 5*a, -3*p - p = -2*a + 30. Let v(y) = y + 3. What is v(p)?
-3
Let g(n) = -798 + 394 + 6*n + 400. What is 